n 128 is divided by 23?
13
Calculate the remainder when 1580 is divided by 24.
20
What is the remainder when 67 is divided by 18?
13
Calculate the remainder when 186 is divided by 47.
45
Calculate the remainder when 620 is divided by 233.
154
Calculate the remainder when 8672 is divided by 347.
344
What is the remainder when 7201 is divided by 49?
47
Calculate the remainder when 1322 is divided by 14.
6
Calculate the remainder when 450 is divided by 46.
36
What is the remainder when 275 is divided by 69?
68
What is the remainder when 1777 is divided by 47?
38
Calculate the remainder when 60 is divided by 1.
0
What is the remainder when 67 is divided by 23?
21
Calculate the remainder when 356 is divided by 29.
8
Calculate the remainder when 1316 is divided by 76.
24
Calculate the remainder when 82 is divided by 18.
10
Calculate the remainder when 489 is divided by 482.
7
What is the remainder when 253 is divided by 5?
3
What is the remainder when 3182 is divided by 21?
11
Calculate the remainder when 109 is divided by 49.
11
Calculate the remainder when 516 is divided by 74.
72
Calculate the remainder when 565 is divided by 71.
68
Calculate the remainder when 137 is divided by 72.
65
Calculate the remainder when 4159 is divided by 3.
1
What is the remainder when 123 is divided by 20?
3
What is the remainder when 895 is divided by 25?
20
Calculate the remainder when 350 is divided by 79.
34
Calculate the remainder when 286 is divided by 246.
40
What is the remainder when 369 is divided by 2?
1
What is the remainder when 97 is divided by 5?
2
Calculate the remainder when 479 is divided by 4.
3
What is the remainder when 14871 is divided by 29?
23
Calculate the remainder when 431 is divided by 237.
194
What is the remainder when 1030 is divided by 80?
70
What is the remainder when 7463 is divided by 532?
15
What is the remainder when 1171 is divided by 10?
1
Calculate the remainder when 1803 is divided by 95.
93
What is the remainder when 88 is divided by 71?
17
What is the remainder when 713 is divided by 176?
9
Calculate the remainder when 50 is divided by 19.
12
What is the remainder when 794 is divided by 40?
34
What is the remainder when 3147 is divided by 782?
19
Calculate the remainder when 746 is divided by 44.
42
Calculate the remainder when 26049 is divided by 3.
0
What is the remainder when 608 is divided by 32?
0
Calculate the remainder when 159 is divided by 69.
21
Calculate the remainder when 210 is divided by 123.
87
What is the remainder when 60 is divided by 7?
4
What is the remainder when 21 is divided by 4?
1
Calculate the remainder when 270 is divided by 66.
6
Calculate the remainder when 379 is divided by 64.
59
What is the remainder when 8172 is divided by 186?
174
Calculate the remainder when 198 is divided by 52.
42
Calculate the remainder when 1144 is divided by 374.
22
Calculate the remainder when 108 is divided by 5.
3
Calculate the remainder when 52 is divided by 19.
14
What is the remainder when 9385 is divided by 41?
37
Calculate the remainder when 5144 is divided by 190.
14
Calculate the remainder when 340 is divided by 13.
2
Calculate the remainder when 1587 is divided by 15.
12
Calculate the remainder when 2393 is divided by 29.
15
What is the remainder when 48 is divided by 11?
4
What is the remainder when 15 is divided by 13?
2
What is the remainder when 45 is divided by 32?
13
Calculate the remainder when 1840 is divided by 911.
18
Calculate the remainder when 3477 is divided by 47.
46
Calculate the remainder when 165 is divided by 8.
5
Calculate the remainder when 110 is divided by 72.
38
Calculate the remainder when 449 is divided by 165.
119
Calculate the remainder when 363 is divided by 325.
38
What is the remainder when 2652 is divided by 15?
12
Calculate the remainder when 934 is divided by 307.
13
What is the remainder when 411 is divided by 18?
15
Calculate the remainder when 507 is divided by 25.
7
Calculate the remainder when 2947 is divided by 4.
3
What is the remainder when 334 is divided by 70?
54
What is the remainder when 205 is divided by 83?
39
Calculate the remainder when 4366 is divided by 182.
180
What is the remainder when 1389 is divided by 7?
3
What is the remainder when 425 is divided by 48?
41
Calculate the remainder when 70 is divided by 18.
16
What is the remainder when 3 is divided by 2?
1
Calculate the remainder when 506 is divided by 215.
76
What is the remainder when 173 is divided by 162?
11
Calculate the remainder when 64 is divided by 18.
10
Calculate the remainder when 1149 is divided by 58.
47
Calculate the remainder when 33 is divided by 17.
16
Calculate the remainder when 264 is divided by 14.
12
What is the remainder when 2460 is divided by 413?
395
What is the remainder when 6014 is divided by 15?
14
Calculate the remainder when 2149 is divided by 36.
25
What is the remainder when 102 is divided by 13?
11
What is the remainder when 110 is divided by 50?
10
What is the remainder when 1910 is divided by 37?
23
Calculate the remainder when 242 is divided by 9.
8
Calculate the remainder when 96 is divided by 11.
8
Calculate the remainder when 153 is divided by 52.
49
What is the remainder when 719 is divided by 351?
17
What is the remainder when 895 is divided by 32?
31
What is the remainder when 110 is divided by 16?
14
Calculate the remainder when 63 is divided by 36.
27
What is the remainder when 2329 is divided by 21?
19
What is the remainder when 230 is divided by 61?
47
What is the remainder when 31199 is divided by 60?
59
What is the remainder when 147 is divided by 120?
27
What is the remainder when 96 is divided by 89?
7
What is the remainder when 107 is divided by 85?
22
What is the remainder when 195 is divided by 53?
36
What is the remainder when 155 is divided by 75?
5
What is the remainder when 2425 is divided by 47?
28
Calculate the remainder when 1367 is divided by 9.
8
Calculate the remainder when 1750 is divided by 27.
22
Calculate the remainder when 356 is divided by 24.
20
What is the remainder when 765 is divided by 59?
57
Calculate the remainder when 311 is divided by 113.
85
Calculate the remainder when 567 is divided by 143.
138
Calculate the remainder when 150 is divided by 19.
17
Calculate the remainder when 476 is divided by 124.
104
What is the remainder when 780 is divided by 53?
38
What is the remainder when 1764 is divided by 183?
117
Calculate the remainder when 35 is divided by 4.
3
Calculate the remainder when 42 is divided by 17.
8
Calculate the remainder when 14683 is divided by 55.
53
What is the remainder when 146 is divided by 58?
30
What is the remainder when 1651 is divided by 29?
27
What is the remainder when 221 is divided by 45?
41
Calculate the remainder when 2485 is divided by 815.
40
Calculate the remainder when 185 is divided by 45.
5
What is the remainder when 22 is divided by 9?
4
Calculate the remainder when 1097 is divided by 44.
41
What is the remainder when 63 is divided by 25?
13
What is the remainder when 1144 is divided by 9?
1
What is the remainder when 735 is divided by 62?
53
Calculate the remainder when 1320 is divided by 76.
28
What is the remainder when 370 is divided by 75?
70
What is the remainder when 110 is divided by 64?
46
Calculate the remainder when 152 is divided by 6.
2
What is the remainder when 233 is divided by 47?
45
What is the remainder when 583 is divided by 19?
13
What is the remainder when 841 is divided by 23?
13
What is the remainder when 18 is divided by 10?
8
What is the remainder when 157 is divided by 11?
3
What is the remainder when 797 is divided by 57?
56
What is the remainder when 802 is divided by 73?
72
What is the remainder when 286 is divided by 147?
139
Calculate the remainder when 493 is divided by 62.
59
What is the remainder when 2434 is divided by 84?
82
What is the remainder when 1485 is divided by 8?
5
Calculate the remainder when 266 is divided by 89.
88
Calculate the remainder when 243 is divided by 69.
36
Calculate the remainder when 286 is divided by 285.
1
Calculate the remainder when 191 is divided by 39.
35
Calculate the remainder when 2015 is divided by 12.
11
Calculate the remainder when 1316 is divided by 1313.
3
What is the remainder when 446 is divided by 146